e
Suppose 3*f - 82083 = -3*t, t = -3*f + 2052 + 80027. Is f a composite number?
True
Is (-4*(-16230)/96)/((-1)/(-4)) a composite number?
True
Let p = -298 - -939. Is p composite?
False
Let f(d) = -1722*d - 1. Let k be f(-2). Let p = k + -1596. Is p composite?
False
Let h be 2 + 3*(0 + -1). Let z(c) = -12*c**3 + 2*c**2 - 1. Let a be z(h). Is (662/(-8))/(a/(-52)) a prime number?
True
Let w = 55 + -39. Let l(k) = -5 - 7*k + w*k + 18*k. Is l(8) prime?
True
Let v(i) = 17*i - 18. Let g be v(14). Let k be g*(-2 - -1) - 2. Is (-1 + 0)/(6/k) a composite number?
False
Suppose 0*p = -2*p + 4. Let j = 1 - 2. Is 487/(j - (-4)/p) prime?
True
Let f(o) = -1685*o + 7. Let p = 116 + -118. Is f(p) a prime number?
False
Let t(i) = 166*i + 3. Is t(9) a prime number?
False
Let l be 22/8 + 0 - 2/(-8). Suppose 3*i = 3*z + 3444, 5*z - 2487 = -l*i + 981. Is i a prime number?
True
Let q = 23 - 21. Suppose 0*l + 373 = q*l + b, b + 1 = 0. Is l a prime number?
False
Suppose 4*k - 260 = -24. Let b = 61 + k. Suppose -5*y - 25 = -b. Is y a composite number?
False
Let d = -48 - -96. Suppose -5*n + 618 = d. Suppose h - n = -h. Is h a prime number?
False
Let m be ((-18)/(-6) - 23907/(-3)) + 4. Suppose 30*u + m = 38*u. Is u composite?
False
Let k(l) = -l**3 - 8*l**2 + 10*l + 13. Let c be k(-9). Let x be 3/(-6) - (-1 - 18/4). Suppose 0*i + 2*m - 683 = -i, c*m = -x*i + 3403. Is i a composite number?
True
Let s be 2095/(-15)*(-3)/1. Suppose -419 = -d - 4*w, s = -0*d + d + 3*w. Is d composite?
False
Let y be 3/18 - (-76)/(-24). Let a be -53*(7 + (y - 1)). Is ((-3)/3)/(3/a) prime?
True
Let m(x) = 174*x**2 - 9*x - 43. Is m(-4) composite?
False
Suppose 3*y - 70069 = 9*a - 7*a, 5*y = 3*a + 116782. Is y prime?
True
Suppose 2*u - 635 = -w, 4*u + 4*w - 1268 = -0*w. Let d = -67 + u. Is d prime?
True
Let a(d) = -6*d**2 + d - 3. Let p be a(-3). Suppose 17 = -3*f + 29. Is 1*f*(-21135)/p a prime number?
True
Let i(r) = -5202*r + 41. Is i(-4) composite?
False
Let x(l) = l**3 - 3*l**2 + 2*l - 3. Let a be x(3). Suppose 0 = 5*w + a*t - 4777, 2839 = 3*w + t - 6*t. Is w composite?
False
Let a(y) = 12*y + 177. Is a(-13) a prime number?
False
Suppose -5*d = -7*d + 30. Let z be 8/20 + (-6)/d. Suppose z*f + 235 = f. Is f a composite number?
True
Suppose -14*f + 16*f = -5*w + 77235, 0 = 4*w + f - 61785. Is w prime?
False
Let v(a) = -6 - 8*a + 85*a**2 + 5*a + 0 - 1. Is v(6) a composite number?
True
Let k = 12500 - 8717. Let s = k - 1628. Is s a prime number?
False
Let i = 122 + -120. Suppose -v = v - 18. Let b = v + i. Is b composite?
False
Suppose -15 = 5*y, -5*d - 31*y + 34*y = -67894. Is d prime?
True
Suppose -5*u + 5*w = -4*u - 5731, -2*u + 5*w = -11452. Is u prime?
False
Suppose 4 = -2*w, 2*m = 7*m - 4*w + 4147. Let a be (m/6)/((-1)/24). Suppose 3*o = -3*o + a. Is o a prime number?
False
Is (-266412)/4*(-2)/6 a composite number?
True
Let b = -3272 + 1522. Let v = -1163 - b. Is v a composite number?
False
Suppose -42*f + 119*f = 157157. Is f a composite number?
True
Is 8/36 - (-537741)/81 composite?
True
Suppose 0 = -2*c + 5*c. Let g(d) = d**3 + d**2 + 3. Let j be g(c). Let x = j + 4. Is x composite?
False
Is (-32)/16*251/(-2) composite?
False
Let y = -5 - -7. Suppose 5*m + 15 = 4*p, -4*p + 16 = -2*m - y*m. Suppose g = p + 140. Is g prime?
False
Suppose -10*g + 8*g - 4*f + 402 = 0, 4*f + 16 = 0. Suppose -4*h + 4*d + 852 = 0, -3*d + 5*d = h - g. Is h a composite number?
True
Let d(j) = 112*j**3 - 44*j**2 - 11*j - 5. Is d(6) composite?
True
Is (-6730)/(-3) + 20/(-60) a prime number?
True
Let g = -2 - -6. Suppose g*j = -3 - 1. Is j/((-477)/237 + 2) a prime number?
True
Let m(f) = -f**3 - 7*f**2 - 6*f - 2. Let d be m(-6). Is 331 + d + (-1 - -3) composite?
False
Suppose 2593 = 5*w + v, -5*v + 677 - 144 = w. Suppose d = -y + 6*d - 157, -4*y = 2*d + w. Is 3 - y/(0 + 2) a prime number?
False
Let q(k) = -k**3 + 7*k**2 + 8*k - 7. Let g = 5 + 1. Let l be q(g). Is 3751/l - 2/(-7) composite?
True
Let t be (-1*1 - -1) + 6 + -4. Is (-8)/2 + 95 - (t + -2) a prime number?
False
Let o(a) = -3*a - 13. Let x be o(-11). Suppose -2*k - 3*k - x = 0. Is 498/k*4/(-6) prime?
True
Let j = 3 + -1. Suppose j*l = -0*l + 30. Let m = l - -72. Is m composite?
True
Let c be (-48 + -8)/(1/(-2)). Suppose 0 = -9*d + 409 - c. Is d a composite number?
True
Let q = 403 - 869. Let g = q + 717. Is g a prime number?
True
Let g(o) = o**3 + 11*o**2 - 17*o - 10. Let c be g(-12). Is (-1 + 4 - c)*-3 a composite number?
True
Suppose -2 + 0 = -v + 4*a, 0 = 4*v - 4*a - 8. Let b = v - 2. Suppose b = 5*q + 5*k - 346 - 729, -3*k = -12. Is q composite?
False
Suppose 2 = -6*w + 26. Suppose -d + 3*r = -569, -5 = w*r - 1. Is d composite?
True
Suppose 35*v - 29*v = 107658. Is v composite?
True
Suppose 5*z + 3 + 22 = 0, 5*v = 4*z - 2695. Let j = -166 - v. Is j prime?
False
Suppose 3*l - 1668 = -5*i, 3*i = -3*l + 1040 - 38. Suppose p = i + 62. Is p a prime number?
False
Let p be 1136/20*(-2 - -1)*-5. Let s = p - 35. Is s composite?
True
Let k(p) = 3*p**2 - 18*p + 17. Is k(30) composite?
True
Let c(d) be the third derivative of 7*d**5/60 + d**4/12 - d**3/3 - 3*d**2. Let f be c(-2). Suppose -i + f = -37. Is i composite?
False
Let g = -7 + 12. Suppose b = -q + 56, g*q + b - 289 = -b. Is q composite?
False
Suppose k = -z + 4 + 12, -67 = -4*z - 3*k. Let o(f) = 32*f - 51. Is o(z) prime?
True
Let u = 386 - -800. Suppose u = 4*c + 2*m, 4*m = -5*c + 2*m + 1481. Is c prime?
False
Let l = 64027 - 9506. Is l composite?
False
Suppose -2284 = -5*d + 52486. Is d composite?
True
Let v(d) = d - 16. Let m be 2/(-8) + 245/20. Let c be v(m). Let q = c + 43. Is q a prime number?
False
Let n be 1*(-2 + 3 + -1). Suppose n*j - 2292 = -4*j. Is j composite?
True
Let t = 8 - 4. Suppose -p - t*p - 151 = -2*o, -4*o + 3*p = -295. Let m = -39 + o. Is m a composite number?
True
Suppose t - 449 = 2*j, 2*j + 0*j = 2*t - 448. Let s be 12/66 + j/(-33). Suppose 0 = -s*x + 146 + 288. Is x prime?
False
Suppose -38*r + 31*r = -70203. Is r a composite number?
True
Let g(q) = 34*q**3 + 4*q**2 + 28*q - 97. Is g(3) prime?
True
Let d(g) = g**3 + 5*g - 11*g - 11*g**2 - 21 - 10*g - 2*g. Is d(16) composite?
False
Let d(w) be the first derivative of 23*w**4/4 + w**3/3 + w**2 - w + 4. Is d(2) a composite number?
False
Let z(r) = -9*r**3 + r**2 + 1. Suppose 0 = -5*d + 20, 2*d = 2*j - 0*d + 18. Is z(j) composite?
False
Suppose -12*g + 9*g = -6. Let l(n) = 61*n**3 - n**2 + 4*n - 5. Is l(g) composite?
False
Let x = -16 - -20. Suppose -x*i = -2*a + 750, 377 = -0*a + a - i. Is a composite?
False
Let y be 2/3*3 - 2. Suppose -3*v - 5*m + 2542 = 0, y*v - 2*v + 5*m = -1653. Is v prime?
True
Let q = 12605 - -11000. Is q a composite number?
True
Let c = -9 + 21. Let n(z) = -z**3 + 13*z**2 - 11*z + 9. Let f be n(c). Suppose 3*p = -0 + f. Is p composite?
False
Let c be (-4)/2 + 7*(-20)/(-28). Suppose 2*o + c*o - 4*a - 1295 = 0, 0 = -3*o + 4*a + 769. Is o a prime number?
True
Let d = 79936 - 53919. Is d a prime number?
True
Is 5 + (-1060)/(-3) + (-5)/15 a prime number?
False
Is 67299/(10/(90/27)) a composite number?
False
Let t be 8/(-8) + 3*57/9. Suppose 0 = -2*j - 8, -5*b = -5*j - 220. Let h = b - t. Is h a prime number?
False
Let z = 2 - -2. Suppose 2*m - z*b - 218 = 0, 3*m - 250 = m - 4*b. Suppose 4*a - 449 = -3*y, a + m = 2*a - 4*y. Is a a prime number?
True
Let s(d) = 64*d + 207. Is s(30) a composite number?
True
Let c(y) = -2*y + 21. Let x be c(9). Suppose -x*s + 207 + 60 = 0. Is s a prime number?
True
Suppose -o - 12 = -14. Suppose 3*g - 290 = 3*a + 232, -3*g + 538 = 5*a. Suppose -5*p = 10, 0*r = o*r - 5*p - g. Is r a prime number?
True
Let l = 25510 - 9209. Is l prime?
True
Suppose -3*w + 17823 = 2*d + d, 5*w + 3*d - 29701 = 0. Is w composite?
False
Suppose -15 = -3*z, -a + 0*a = -3*z + 13. Suppose -2521 = -a*l - n, 3*l + n + 2*n - 3786 = 0. Is l a composite number?
False
Is (205224/8)/1 - -8 composite?
True
Let x(p) be the first derivative of -24*p**2 - 5*p + 32. Is x(-8) a composite number?
False
Let z(d) = 129*d**3 - 2*d**2 + 6*d. Let x(y) = -128*y**3 + 3*y**2 - 7*y. Let t(l) = -4*x(l) - 5*z(l). Is t(-1) prime?
False
Let k(s) = 628*s + 3. Let v be (-2)/12*(4 + -1)*-2. Is k(v) a prime number?
True
Let w(z) = 198*z + 4. Let s(h) = -11*h + 10*h + 1 + 67*h. Let d(g) = -11*s(g) + 4*w(g). Is d(4) prime?
True
Let v =